*3 + 6*l. Calculate q(-6).
6
Let n(u) = 125*u**3 - 1547*u**2 + 774*u**2 - 124*u**3 - 26*u + 82 + 770*u**2. What is n(5)?
2
Let z(n) = -n**2 + 7*n. Let s = 56 - 28. Let k = -20 + s. Let p be 1/(-5) + (576/10)/k. What is z(p)?
0
Let f(n) = n**3 - 4*n**2 - n + 8. Let d be f(4). Suppose 30 = -d*p + 10. Let y be 1 - p/5*-4. Let m(g) = -g**3 - 3*g**2 + 3*g - 2. What is m(y)?
-11
Suppose -25*s + 20*s = -5. Let g(u) = -1 - 2*u**2 - u**3 + 0 - s + 1. Determine g(-3).
8
Let u(s) = 7*s + 2. Suppose 4*q + 5*v + 17 = 0, 5*q - v = -5*v - 10. Suppose 3*m = -15, 3*j = -q*j - 2*m - 20. Determine u(j).
-12
Let n(c) = 4*c**2 - 13*c + 7. Let z = -785 - -782. Let g(r) = -7*r**2 + 27*r - 14. Let d(p) = z*g(p) - 5*n(p). What is d(14)?
-21
Let n(u) = -2*u**3 - 33*u**2 - 15*u + 19. Let o = -80 - -64. Let c be n(o). Let r(w) = 3 + 3 - w**3 + 3*w**2 - 4 - 2*w - w. What is r(c)?
-7
Let v(r) = -r**3 - 8*r**2 - 9*r - 8. Let l = 81 + -72. Suppose -q = h + l, 2*h = -5*q - 24 - 15. What is v(q)?
6
Let a(o) be the second derivative of -21*o + 0 - o**2 + 1/6*o**3. Give a(7).
5
Let d be ((5 - 2) + 2)/(27/(-1701)*-15). Let r(z) = 10*z - 202. Calculate r(d).
8
Let z(a) = -3*a**2 - 5. Let q(m) = -m + 29. Let v be q(27). Calculate z(v).
-17
Let u(c) be the third derivative of c**2 - 1/60*c**5 + 5/24*c**4 + 0*c + 5 + 1/2*c**3. What is u(-4)?
-33
Let g(a) = 1403 + 8*a + 1408 - 2793. What is g(-13)?
-86
Let r(l) be the third derivative of -13*l**5/60 - l**4/8 + l**3/3 + 648*l**2. Give r(1).
-14
Let a(z) = 3*z**3 + 26*z**2 - 4*z + 43. Let s(o) = 12*o + 291. Let h be s(-25). Let d be a(h). Let c(r) = 3*r + 10. Calculate c(d).
4
Let a(u) = -15*u + 24. Let s(l) = -8*l + 12. Let y(c) = -3*a(c) + 5*s(c). Let t(n) = n**3 - 14*n**2 - 19*n + 64. Let i be t(15). Calculate y(i).
8
Let i(y) = -y**3 - 7*y**2 - 5*y - 4. Suppose -4 = -147*d + 145*d. Suppose -2*z + d*v + 44 = 0, 3*z + 3*v - 43 + 7 = 0. Suppose -4*g - z = 7. Give i(g).
-10
Let p(l) = -9*l + 67. Let t(s) = 11*s**3 + 64*s**2 - 9*s + 26. Let i be t(-6). What is p(i)?
-5
Let i(y) be the first derivative of -y**2/2 + 20*y + 2013. What is i(16)?
4
Suppose 17*w - 22*w + 155 = 0. Suppose 3 = -4*z + w. Suppose z*t - 3*t = 4*s - 20, -2*s - 3*t = 5. Let x(l) = 2*l**2 - l. What is x(s)?
6
Let j be ((-40)/16)/(5/(-10)). Let s(z) = z**2 - 2*z - 10. What is s(j)?
5
Let k(a) = -32*a + 202. Let z be k(6). Suppose 4*q = 6*q - z. Let x(i) = -i**3 + 5*i**2 - i + 4. Give x(q).
-1
Let a(i) be the second derivative of i**3/3 + 11*i**2/2 + i. Let w(x) = 521*x - 27095. Let m be w(52). What is a(m)?
5
Let h(w) = -51*w**2 - w**3 + 54 - 160 + 51 + 52 - 79*w + 33*w**2. Give h(-10).
-13
Let j(b) = b**2 + b + 30. Let q be j(0). Suppose u - 5*v = 33, q = -3*u + 4*u - 4*v. Let z = 24 - u. Let k(i) = -i**2 + 6*i + 5. Calculate k(z).
5
Suppose 0 = 2*c - 54 + 56, -x = -2*c - 2. Let m(u) = u**2 + u + 9. What is m(x)?
9
Let x be 177/2 - 2 - 39/26. Let p = x - 74. Let b(z) = -2*z + 3*z + p*z**2 - 5*z - 10*z**2. Give b(3).
-3
Let s be 1288/42 - 11 - (0 - (-6)/9). Let o(k) = 2*k**2 - 36*k - 28. Calculate o(s).
10
Let w(v) = -v + 14. Suppose 5*x - 10 = 0, -x - 65 = -5*a - 6*x. Suppose -5*f = -f + p - 19, 2*f - p - a = 0. Determine w(f).
9
Suppose 15*h - 106 = 14. Suppose -3 + h = z. Let i(u) be the third derivative of -u**6/120 + u**5/12 - u**3/2 + u**2. Determine i(z).
-3
Let r(c) be the first derivative of -18 - c - 1/3*c**3 + 1/2*c**2. Suppose -2*p - 3*p = 0. What is r(p)?
-1
Let m(n) be the third derivative of n**5/30 - 7*n**4/24 + 5*n**3/6 + 15*n**2. Suppose 3*x = 42 - 30. Determine m(x).
9
Let r(b) = -8*b - 4. Suppose -2*q = -2*k - 12 + 10, 18 = 3*k + 4*q. Suppose k*z = -3*u - 1, -10*z - 7 = 5*u - 12*z. Calculate r(u).
4
Suppose c = -2*c + 6. Suppose 0 = 2*s + c - 14. Let o(a) = 2*a**2 - 3*a**2 - 4 - a**2 + 29*a - 31*a + 3*a**2. Give o(s).
20
Suppose -2*t - 1 = -4*t + 3*q, 3*q = 3*t - 6. Suppose t*m = 3*m - 3*h - 2, -4*m - 2*h = 20. Let c(i) = 2*i**2 + 9*i - 6. Give c(m).
29
Let q(u) = -1103 + 1066 + u + 2*u. What is q(8)?
-13
Let c(h) be the first derivative of -19*h**2 + 176*h - 162. Let v be c(5). Let y(q) = q + 21. What is y(v)?
7
Let a(c) = 2*c + 3. Let f(h) = h**2 - 31*h - 59. Let n be f(33). Let y(s) = 8*s - 50. Let g be y(n). Give a(g).
15
Let c(q) = -q**2 - q + 24. Let y be (-3 - -8) + -130 + 8/4. Let v = y - -123. Calculate c(v).
24
Let m = -590 - -582. Let f(a) = a**3 + 8*a**2 - 9. Give f(m).
-9
Let x be 598/(-14) - 7*(-4)/(-98). Let n = 50 + x. Let a(j) = -j + 2. Calculate a(n).
-5
Let c(r) = -r**3 + 11*r**2 - 22*r - 15. Let g be c(4). Let x(q) = q**2 - 9*q + 6. Give x(g).
6
Let i(m) = -m**3 - 5*m**2 - 4*m - 3. Let a be 1/((-6)/(-1476)*6). Suppose a - 11 = -6*d. Determine i(d).
17
Let h = -64 + -13. Let w = h + 72. Let q(i) = 4*i**2 - 2*i. Let m(a) = -5*a**2 + 3*a - 1. Let u(x) = 3*m(x) + 4*q(x). Calculate u(w).
17
Let t(m) = m - 1. Let v be 4 - (-5 - 88) - -4. Let p = v - 170. Let q = -76 - p. Calculate t(q).
-8
Let q(y) = -y**2 - 4*y + 9. Let n(k) = 6*k**2 + 10*k + 14*k - 6*k - 2197 + 2151. Let f(o) = -2*n(o) - 11*q(o). What is f(5)?
8
Let h(f) = -5*f**3 + 24*f**2 + 6*f + 7. Let s(n) = 2*n + 9. Let t be s(-8). Let c(q) = 3*q**3 - 12*q**2 - 2*q - 4. Let x(y) = t*c(y) - 4*h(y). What is x(-11)?
-11
Let j(u) = -9*u + 6. Let n(o) = 3*o - 2. Let z(t) = 2*j(t) + 7*n(t). Suppose x - 13 - 2 = -2*p, 5*p = -2*x + 35. Let l = 9 - p. Determine z(l).
10
Suppose -3257 = -4*i - 3229, 4*j - 9 = i. Let o(v) = -13*v - 44. Determine o(j).
-96
Let u = -179 + 184. Let i(v) = -5*v**3 + 12*v**2 + v - 5. Let w(c) = 6*c**3 - 12*c**2 - c + 4. Let m(h) = u*i(h) + 4*w(h). Determine m(12).
3
Let z(h) = 14*h + 96. Let s(o) = o**3 + 48*o**2 + 176*o - 8. Let x be s(-44). Calculate z(x).
-16
Let y = -16441 - -16443. Let m(q) be the first derivative of -q**3 + q**2 + 2*q + 1. What is m(y)?
-6
Suppose -300*k + 295*k + 1485 = 0. Suppose -k*i = -300*i + 9. Let b(z) = 7*z - 3. What is b(i)?
18
Let p(k) be the second derivative of 7/2*k**2 + 0 - 1/4*k**4 + 1/6*k**3 - 13*k. Let m(v) be the first derivative of p(v). Give m(-1).
7
Let m(z) = -63*z + 304 + 15*z + 17*z + 2*z + 2*z. Determine m(11).
7
Let r = -40663 - -40659. Let j(h) = 19*h - 27. Determine j(r).
-103
Suppose -2*u - 5*a + 51 = 0, -2*a = -3*u - a + 119. Let c(k) = 107 + k**2 + 19*k - u - 46. Give c(-17).
-11
Let h(c) = -1 + 2 - 2*c + 3*c. Suppose 0 = 2*o - 2*g + 34, -415*o + 417*o + 24 = g. What is h(o)?
-6
Let l = -2 + -2. Let p(a) be the first derivative of 5*a - 11*a + 2*a**2 - 18 + 67 + 12*a. What is p(l)?
-10
Suppose -502 + 40 = 4*p - 5*t, p = -2*t - 109. Let k = 128 + p. Let x(m) = -30*m + 6*m + 1 + 2*m**2 + 2*m**3 + k*m + 5*m. Calculate x(-3).
-23
Let t(g) = g**3 - 2*g + 6. Let c(j) = -3*j**3 + 5*j - 13. Let b(q) = -2*c(q) - 5*t(q). Let f = -206 + 206. Determine b(f).
-4
Let c(q) = -q - 1. Let k(i) = i**2 + 4*i - 1. Let f(w) = -5*c(w) - k(w). Let n = -25826 - -25831. Calculate f(n).
-14
Suppose 4 = -2*m, 2*a = 4*a - 3*m - 14. Let y(u) = -u**2 - 3*u + 19. What is y(a)?
-9
Let m(b) be the first derivative of b**4/2 - 10*b**3 + b**2/2 - 16*b - 2362. Determine m(15).
-1
Suppose 13*l = 16*l - 288. Suppose 8*d + 8*d + l = 0. Let f(s) = -3*s - 19. What is f(d)?
-1
Let d(j) = 84*j - 21. Let s(u) = 17*u - 4. Let i(c) = 4*d(c) - 21*s(c). Let t(o) = -o**3 + 86*o**2 - 166*o - 169. Let b be t(84). Calculate i(b).
21
Let y(z) = z + 5. Suppose 2*b = 2*o - 20, 3*b - 9 = 6*b. Let s be (o - 5)/(-1)*(5 + -2). Give y(s).
-1
Let t(n) = -29*n - 16. Let x(u) = 80*u + 48. Let b(q) = -11*t(q) - 4*x(q). Let w(y) = -y**2 - 5*y + 5. Let v be w(-6). Let i be -12 + 0/2*v. Calculate b(i).
-4
Let r(z) = 4*z**2 - 15*z - 7. Let q = 105 + -101. Determine r(q).
-3
Suppose 0 = k - 4*p - 90 + 105, 0 = -2*k - 2*p. Let l(o) = 7*o**2 + 2*o**3 - 5*o**2 - o**3 + 2*o**2. Give l(k).
9
Let q(f) be the second derivative of f**3/6 - 7*f**2/2 + 7541*f. Let l = 6 - 13. Let a(x) = -x - 1. Let u be a(l). Give q(u).
-1
Let k(c) = 18*c - 4*c - c**2 + 2 + 3*c**3 + 0*c**3 - 5*c - 4*c**3. Give k(-3).
-7
Let h(u) be the second derivative of -u**3/6 + u**2/2 + 1813*u. Give h(10).
-9
Suppose 0 = -5*n - 1 - 9. Let y be -2 - (n + 1 - -4). Let g(p) = 412*p**2 + 4227 - 411*p**2 + 5*p - 4229. What is g(y)?
-2
Let w be 12/9*6/4. Suppose -c - 3*i = 3, 0 = -2*c + 5*c - 4*i - 17. Let r(g) = g